{"version":"1.0","provider_name":"Cabinet d&#039;avocats M\u1d49 Hugues Langlais","provider_url":"https:\/\/www.langlais.com\/en\/","author_name":"Hugues","author_url":"https:\/\/www.langlais.com\/en\/author\/hugues\/","title":"2018 Immigration Fair and Integration in Quebec - Cabinet d&#039;avocats M\u1d49 Hugues Langlais","type":"rich","width":600,"height":338,"html":"<blockquote class=\"wp-embedded-content\" data-secret=\"iSfZn8lzvm\"><a href=\"https:\/\/www.langlais.com\/en\/2018-immigration-fair-and-integration-in-quebec\/\">2018 Immigration Fair and Integration in Quebec<\/a><\/blockquote><iframe sandbox=\"allow-scripts\" security=\"restricted\" src=\"https:\/\/www.langlais.com\/en\/2018-immigration-fair-and-integration-in-quebec\/embed\/#?secret=iSfZn8lzvm\" width=\"600\" height=\"338\" title=\"&#8220;2018 Immigration Fair and Integration in Quebec&#8221; &#8212; Cabinet d&#039;avocats M\u1d49 Hugues Langlais\" data-secret=\"iSfZn8lzvm\" frameborder=\"0\" marginwidth=\"0\" marginheight=\"0\" scrolling=\"no\" class=\"wp-embedded-content\"><\/iframe><script type=\"text\/javascript\">\n\/* <![CDATA[ *\/\n\/*! This file is auto-generated *\/\n!function(d,l){\"use strict\";l.querySelector&&d.addEventListener&&\"undefined\"!=typeof URL&&(d.wp=d.wp||{},d.wp.receiveEmbedMessage||(d.wp.receiveEmbedMessage=function(e){var t=e.data;if((t||t.secret||t.message||t.value)&&!\/[^a-zA-Z0-9]\/.test(t.secret)){for(var s,r,n,a=l.querySelectorAll('iframe[data-secret=\"'+t.secret+'\"]'),o=l.querySelectorAll('blockquote[data-secret=\"'+t.secret+'\"]'),c=new RegExp(\"^https?:$\",\"i\"),i=0;i<o.length;i++)o[i].style.display=\"none\";for(i=0;i<a.length;i++)s=a[i],e.source===s.contentWindow&&(s.removeAttribute(\"style\"),\"height\"===t.message?(1e3<(r=parseInt(t.value,10))?r=1e3:~~r<200&&(r=200),s.height=r):\"link\"===t.message&&(r=new URL(s.getAttribute(\"src\")),n=new URL(t.value),c.test(n.protocol))&&n.host===r.host&&l.activeElement===s&&(d.top.location.href=t.value))}},d.addEventListener(\"message\",d.wp.receiveEmbedMessage,!1),l.addEventListener(\"DOMContentLoaded\",function(){for(var e,t,s=l.querySelectorAll(\"iframe.wp-embedded-content\"),r=0;r<s.length;r++)(t=(e=s[r]).getAttribute(\"data-secret\"))||(t=Math.random().toString(36).substring(2,12),e.src+=\"#?secret=\"+t,e.setAttribute(\"data-secret\",t)),e.contentWindow.postMessage({message:\"ready\",secret:t},\"*\")},!1)))}(window,document);\n\/\/# sourceURL=https:\/\/www.langlais.com\/wp-includes\/js\/wp-embed.min.js\n\/* ]]> *\/\n<\/script>\n","thumbnail_url":"https:\/\/www.langlais.com\/wp-content\/uploads\/2018\/04\/160525_zq7gr_rdi-salon-immigration_sn635.jpg","thumbnail_width":635,"thumbnail_height":357,"description":"Come meet us! Mr Hugues Langlais, Mr Denis L&#8217;Anglais and Mrs M\u00e9lissa Potvin are waiting for you at our booth to answer all your questions concerning immigration to Canada and your integration in Quebec. Come meet them at Salon de l&#8217;Immigration et de l&#8217;Int\u00e9gration au Qu\u00e9bec \u00e0 Montr\u00e9al. Kiosk #65\u00a0of the area Installation (click on the link to see the plan) When: May 30th &amp; 31st, 2018 Time: 10:00am to 6:00pm Where: Palais des cong\u00e8s de Montr\u00e9al (Subway line orange) 1001, place Jean-Paul-Riopelle Montr\u00e9al (Qu\u00e9bec)\u00a0 H2Z 1M2 Conference by our firm: Sponsor a member of your family! When: May 3oth,..."}

Cabinet d&#039;avocats Mᵉ Hugues Langlais

2018 Immigration Fair and Integration in Quebec - Cabinet d&#039;avocats Mᵉ Hugues Langlais

<blockquote class="wp-embedded-content" data-secret="iSfZn8lzvm"><a href="https://www.langlais.com/en/2018-immigration-fair-and-integration-in-quebec/">2018 Immigration Fair and Integration in Quebec</a></blockquote><iframe sandbox="allow-scripts" security="restricted" src="https://www.langlais.com/en/2018-immigration-fair-and-integration-in-quebec/embed/#?secret=iSfZn8lzvm" width="600" height="338" title="&#8220;2018 Immigration Fair and Integration in Quebec&#8221; &#8212; Cabinet d&#039;avocats Mᵉ Hugues Langlais" data-secret="iSfZn8lzvm" frameborder="0" marginwidth="0" marginheight="0" scrolling="no" class="wp-embedded-content"></iframe><script type="text/javascript">
/* <![CDATA[ */
/*! This file is auto-generated */
!function(d,l){"use strict";l.querySelector&&d.addEventListener&&"undefined"!=typeof URL&&(d.wp=d.wp||{},d.wp.receiveEmbedMessage||(d.wp.receiveEmbedMessage=function(e){var t=e.data;if((t||t.secret||t.message||t.value)&&!/[^a-zA-Z0-9]/.test(t.secret)){for(var s,r,n,a=l.querySelectorAll('iframe[data-secret="'+t.secret+'"]'),o=l.querySelectorAll('blockquote[data-secret="'+t.secret+'"]'),c=new RegExp("^https?:$","i"),i=0;i<o.length;i++)o[i].style.display="none";for(i=0;i<a.length;i++)s=a[i],e.source===s.contentWindow&&(s.removeAttribute("style"),"height"===t.message?(1e3<(r=parseInt(t.value,10))?r=1e3:~~r<200&&(r=200),s.height=r):"link"===t.message&&(r=new URL(s.getAttribute("src")),n=new URL(t.value),c.test(n.protocol))&&n.host===r.host&&l.activeElement===s&&(d.top.location.href=t.value))}},d.addEventListener("message",d.wp.receiveEmbedMessage,!1),l.addEventListener("DOMContentLoaded",function(){for(var e,t,s=l.querySelectorAll("iframe.wp-embedded-content"),r=0;r<s.length;r++)(t=(e=s[r]).getAttribute("data-secret"))||(t=Math.random().toString(36).substring(2,12),e.src+="#?secret="+t,e.setAttribute("data-secret",t)),e.contentWindow.postMessage({message:"ready",secret:t},"*")},!1)))}(window,document);
//# sourceURL=https://www.langlais.com/wp-includes/js/wp-embed.min.js
/* ]]> */
</script>

Come meet us! Mr Hugues Langlais, Mr Denis L&#8217;Anglais and Mrs Mélissa Potvin are waiting for you at our booth to answer all your questions concerning immigration to Canada and your integration in Quebec. Come meet them at Salon de l&#8217;Immigration et de l&#8217;Intégration au Québec à Montréal. Kiosk #65 of the area Installation (click on the link to see the plan) When: May 30th &amp; 31st, 2018 Time: 10:00am to 6:00pm Where: Palais des congès de Montréal (Subway line orange) 1001, place Jean-Paul-Riopelle Montréal (Québec)  H2Z 1M2 Conference by our firm: Sponsor a member of your family! When: May 3oth,...
