{"version":"1.0","provider_name":"Cabinet d&#039;avocats M\u1d49 Hugues Langlais","provider_url":"https:\/\/www.langlais.com\/en\/","author_name":"Hugues","author_url":"https:\/\/www.langlais.com\/en\/author\/hugues\/","title":"Notre pr\u00e9sence dans les m\u00e9dias - Cabinet d&#039;avocats M\u1d49 Hugues Langlais","type":"rich","width":600,"height":338,"html":"<blockquote class=\"wp-embedded-content\" data-secret=\"l1C1R6Ay5F\"><a href=\"https:\/\/www.langlais.com\/en\/notre-presence-dans-les-medias\/\">Notre pr\u00e9sence dans les m\u00e9dias<\/a><\/blockquote><iframe sandbox=\"allow-scripts\" security=\"restricted\" src=\"https:\/\/www.langlais.com\/en\/notre-presence-dans-les-medias\/embed\/#?secret=l1C1R6Ay5F\" width=\"600\" height=\"338\" title=\"&#8220;Notre pr\u00e9sence dans les m\u00e9dias&#8221; &#8212; Cabinet d&#039;avocats M\u1d49 Hugues Langlais\" data-secret=\"l1C1R6Ay5F\" frameborder=\"0\" marginwidth=\"0\" marginheight=\"0\" scrolling=\"no\" class=\"wp-embedded-content\"><\/iframe><script type=\"text\/javascript\">\n\/* <![CDATA[ *\/\n\/*! This file is auto-generated *\/\n!function(d,l){\"use strict\";l.querySelector&&d.addEventListener&&\"undefined\"!=typeof URL&&(d.wp=d.wp||{},d.wp.receiveEmbedMessage||(d.wp.receiveEmbedMessage=function(e){var t=e.data;if((t||t.secret||t.message||t.value)&&!\/[^a-zA-Z0-9]\/.test(t.secret)){for(var s,r,n,a=l.querySelectorAll('iframe[data-secret=\"'+t.secret+'\"]'),o=l.querySelectorAll('blockquote[data-secret=\"'+t.secret+'\"]'),c=new RegExp(\"^https?:$\",\"i\"),i=0;i<o.length;i++)o[i].style.display=\"none\";for(i=0;i<a.length;i++)s=a[i],e.source===s.contentWindow&&(s.removeAttribute(\"style\"),\"height\"===t.message?(1e3<(r=parseInt(t.value,10))?r=1e3:~~r<200&&(r=200),s.height=r):\"link\"===t.message&&(r=new URL(s.getAttribute(\"src\")),n=new URL(t.value),c.test(n.protocol))&&n.host===r.host&&l.activeElement===s&&(d.top.location.href=t.value))}},d.addEventListener(\"message\",d.wp.receiveEmbedMessage,!1),l.addEventListener(\"DOMContentLoaded\",function(){for(var e,t,s=l.querySelectorAll(\"iframe.wp-embedded-content\"),r=0;r<s.length;r++)(t=(e=s[r]).getAttribute(\"data-secret\"))||(t=Math.random().toString(36).substring(2,12),e.src+=\"#?secret=\"+t,e.setAttribute(\"data-secret\",t)),e.contentWindow.postMessage({message:\"ready\",secret:t},\"*\")},!1)))}(window,document);\n\/\/# sourceURL=https:\/\/www.langlais.com\/wp-includes\/js\/wp-embed.min.js\n\/* ]]> *\/\n<\/script>\n","thumbnail_url":"https:\/\/www.langlais.com\/wp-content\/uploads\/2018\/04\/kostenlose-zeitungsabos.jpg","thumbnail_width":760,"thumbnail_height":360,"description":"2019 Le 12 mars 2019, \u00abDes immigrants religieux sont inquiets et anxieux pour leur avenir au Qu\u00e9bec\u00bb, ICI Radio-Canada 2018 Le 21 septembre 2018, \u00abThe National for September 21, 2018\u00bb, CBC (anglais) \u00e0 31m30 Le 20 septembre 2018, \u00abOp\u00e9ration M. Chen: La face cach\u00e9e des visas dor\u00e9s qu\u00e9b\u00e9cois\u00bb,\u00a0 Enqu\u00eate, ICI Radio-Canada, \u00e0 11m23 Le 30 mai 2018. \u00ab\u00c9mission sp\u00e9ciale de Radio Canada International -Salon de l&#8217;immigration 2018\u00bb, ICI Radio-Canada Le 26 avril 2018, \u00abLa situation des demandeurs d&#8217;asile au Canada\u00bb, L&#8217;actuel, ICI Radio-Canada.ca (17h16) Le 29 mars 2018, \u00abCarte Nexus: donner ses informations personnelles pour gagner quelques secondes \u00e0 la..."}

Cabinet d&#039;avocats Mᵉ Hugues Langlais

Notre présence dans les médias - Cabinet d&#039;avocats Mᵉ Hugues Langlais

<blockquote class="wp-embedded-content" data-secret="l1C1R6Ay5F"><a href="https://www.langlais.com/en/notre-presence-dans-les-medias/">Notre présence dans les médias</a></blockquote><iframe sandbox="allow-scripts" security="restricted" src="https://www.langlais.com/en/notre-presence-dans-les-medias/embed/#?secret=l1C1R6Ay5F" width="600" height="338" title="&#8220;Notre présence dans les médias&#8221; &#8212; Cabinet d&#039;avocats Mᵉ Hugues Langlais" data-secret="l1C1R6Ay5F" frameborder="0" marginwidth="0" marginheight="0" scrolling="no" class="wp-embedded-content"></iframe><script type="text/javascript">
/* <![CDATA[ */
/*! This file is auto-generated */
!function(d,l){"use strict";l.querySelector&&d.addEventListener&&"undefined"!=typeof URL&&(d.wp=d.wp||{},d.wp.receiveEmbedMessage||(d.wp.receiveEmbedMessage=function(e){var t=e.data;if((t||t.secret||t.message||t.value)&&!/[^a-zA-Z0-9]/.test(t.secret)){for(var s,r,n,a=l.querySelectorAll('iframe[data-secret="'+t.secret+'"]'),o=l.querySelectorAll('blockquote[data-secret="'+t.secret+'"]'),c=new RegExp("^https?:$","i"),i=0;i<o.length;i++)o[i].style.display="none";for(i=0;i<a.length;i++)s=a[i],e.source===s.contentWindow&&(s.removeAttribute("style"),"height"===t.message?(1e3<(r=parseInt(t.value,10))?r=1e3:~~r<200&&(r=200),s.height=r):"link"===t.message&&(r=new URL(s.getAttribute("src")),n=new URL(t.value),c.test(n.protocol))&&n.host===r.host&&l.activeElement===s&&(d.top.location.href=t.value))}},d.addEventListener("message",d.wp.receiveEmbedMessage,!1),l.addEventListener("DOMContentLoaded",function(){for(var e,t,s=l.querySelectorAll("iframe.wp-embedded-content"),r=0;r<s.length;r++)(t=(e=s[r]).getAttribute("data-secret"))||(t=Math.random().toString(36).substring(2,12),e.src+="#?secret="+t,e.setAttribute("data-secret",t)),e.contentWindow.postMessage({message:"ready",secret:t},"*")},!1)))}(window,document);
//# sourceURL=https://www.langlais.com/wp-includes/js/wp-embed.min.js
/* ]]> */
</script>

2019 Le 12 mars 2019, «Des immigrants religieux sont inquiets et anxieux pour leur avenir au Québec», ICI Radio-Canada 2018 Le 21 septembre 2018, «The National for September 21, 2018», CBC (anglais) à 31m30 Le 20 septembre 2018, «Opération M. Chen: La face cachée des visas dorés québécois»,  Enquête, ICI Radio-Canada, à 11m23 Le 30 mai 2018. «Émission spéciale de Radio Canada International -Salon de l&#8217;immigration 2018», ICI Radio-Canada Le 26 avril 2018, «La situation des demandeurs d&#8217;asile au Canada», L&#8217;actuel, ICI Radio-Canada.ca (17h16) Le 29 mars 2018, «Carte Nexus: donner ses informations personnelles pour gagner quelques secondes à la...
