{"version":"1.0","provider_name":"Cabinet d&#039;avocats M\u1d49 Hugues Langlais","provider_url":"https:\/\/www.langlais.com\/es\/","author_name":"Hugues","author_url":"https:\/\/www.langlais.com\/es\/author\/hugues\/","title":"R\u00e9forme du PEQ: l\u2019importance de respecter sa parole - Cabinet Langlais","type":"rich","width":600,"height":338,"html":"<blockquote class=\"wp-embedded-content\" data-secret=\"d8QRwhRu16\"><a href=\"https:\/\/www.langlais.com\/es\/reforme-du-peq-limportance-de-respecter-sa-parole\/\">R\u00e9forme du PEQ: l\u2019importance de respecter sa parole<\/a><\/blockquote><iframe sandbox=\"allow-scripts\" security=\"restricted\" src=\"https:\/\/www.langlais.com\/es\/reforme-du-peq-limportance-de-respecter-sa-parole\/embed\/#?secret=d8QRwhRu16\" width=\"600\" height=\"338\" title=\"\u00abR\u00e9forme du PEQ: l\u2019importance de respecter sa parole\u00bb \u2014 Cabinet d&#039;avocats M\u1d49 Hugues Langlais\" data-secret=\"d8QRwhRu16\" frameborder=\"0\" marginwidth=\"0\" marginheight=\"0\" scrolling=\"no\" class=\"wp-embedded-content\"><\/iframe><script type=\"text\/javascript\">\n\/* <![CDATA[ *\/\n\/*! This file is auto-generated *\/\n!function(d,l){\"use strict\";l.querySelector&&d.addEventListener&&\"undefined\"!=typeof URL&&(d.wp=d.wp||{},d.wp.receiveEmbedMessage||(d.wp.receiveEmbedMessage=function(e){var t=e.data;if((t||t.secret||t.message||t.value)&&!\/[^a-zA-Z0-9]\/.test(t.secret)){for(var s,r,n,a=l.querySelectorAll('iframe[data-secret=\"'+t.secret+'\"]'),o=l.querySelectorAll('blockquote[data-secret=\"'+t.secret+'\"]'),c=new RegExp(\"^https?:$\",\"i\"),i=0;i<o.length;i++)o[i].style.display=\"none\";for(i=0;i<a.length;i++)s=a[i],e.source===s.contentWindow&&(s.removeAttribute(\"style\"),\"height\"===t.message?(1e3<(r=parseInt(t.value,10))?r=1e3:~~r<200&&(r=200),s.height=r):\"link\"===t.message&&(r=new URL(s.getAttribute(\"src\")),n=new URL(t.value),c.test(n.protocol))&&n.host===r.host&&l.activeElement===s&&(d.top.location.href=t.value))}},d.addEventListener(\"message\",d.wp.receiveEmbedMessage,!1),l.addEventListener(\"DOMContentLoaded\",function(){for(var e,t,s=l.querySelectorAll(\"iframe.wp-embedded-content\"),r=0;r<s.length;r++)(t=(e=s[r]).getAttribute(\"data-secret\"))||(t=Math.random().toString(36).substring(2,12),e.src+=\"#?secret=\"+t,e.setAttribute(\"data-secret\",t)),e.contentWindow.postMessage({message:\"ready\",secret:t},\"*\")},!1)))}(window,document);\n\/\/# sourceURL=https:\/\/www.langlais.com\/wp-includes\/js\/wp-embed.min.js\n\/* ]]> *\/\n<\/script>\n","thumbnail_url":"https:\/\/www.langlais.com\/wp-content\/uploads\/2019\/06\/La_Presse-300.png","thumbnail_width":300,"thumbnail_height":300,"description":"Dans la foul\u00e9e du retrait de la premi\u00e8re r\u00e9forme du Programme de l\u2019exp\u00e9rience qu\u00e9b\u00e9coise (PEQ) en novembre 2019, tant le premier ministre, monsieur Fran\u00e7ois Legault, que son ministre de l\u2019Immigration, de la Francisation et de l\u2019Inclusion, monsieur Simon Jolin-Barrette, avaient pris l\u2019engagement ferme devant l\u2019Assembl\u00e9e nationale, mais aussi dans le cadre de diverses sorties m\u00e9diatiques, qu\u2019une clause de droits acquis prot\u00e8gerait les \u00e9tudiants et travailleurs \u00e9trangers ayant fait le choix de venir s\u2019installer au Qu\u00e9bec sur la base de l\u2019ancien programme. Publi\u00e9 le 10 juin 2020 dans LaPresse.ca \u00e0 13h00 par ME GUILLAUME CLICHE-RIVARD, PR\u00c9SIDENT DE L\u2019ASSOCIATION QU\u00c9B\u00c9COISE DES AVOCATS..."}

Cabinet d&#039;avocats Mᵉ Hugues Langlais

Réforme du PEQ: l’importance de respecter sa parole - Cabinet Langlais

<blockquote class="wp-embedded-content" data-secret="d8QRwhRu16"><a href="https://www.langlais.com/es/reforme-du-peq-limportance-de-respecter-sa-parole/">Réforme du PEQ: l’importance de respecter sa parole</a></blockquote><iframe sandbox="allow-scripts" security="restricted" src="https://www.langlais.com/es/reforme-du-peq-limportance-de-respecter-sa-parole/embed/#?secret=d8QRwhRu16" width="600" height="338" title="«Réforme du PEQ: l’importance de respecter sa parole» — Cabinet d&#039;avocats Mᵉ Hugues Langlais" data-secret="d8QRwhRu16" frameborder="0" marginwidth="0" marginheight="0" scrolling="no" class="wp-embedded-content"></iframe><script type="text/javascript">
/* <![CDATA[ */
/*! This file is auto-generated */
!function(d,l){"use strict";l.querySelector&&d.addEventListener&&"undefined"!=typeof URL&&(d.wp=d.wp||{},d.wp.receiveEmbedMessage||(d.wp.receiveEmbedMessage=function(e){var t=e.data;if((t||t.secret||t.message||t.value)&&!/[^a-zA-Z0-9]/.test(t.secret)){for(var s,r,n,a=l.querySelectorAll('iframe[data-secret="'+t.secret+'"]'),o=l.querySelectorAll('blockquote[data-secret="'+t.secret+'"]'),c=new RegExp("^https?:$","i"),i=0;i<o.length;i++)o[i].style.display="none";for(i=0;i<a.length;i++)s=a[i],e.source===s.contentWindow&&(s.removeAttribute("style"),"height"===t.message?(1e3<(r=parseInt(t.value,10))?r=1e3:~~r<200&&(r=200),s.height=r):"link"===t.message&&(r=new URL(s.getAttribute("src")),n=new URL(t.value),c.test(n.protocol))&&n.host===r.host&&l.activeElement===s&&(d.top.location.href=t.value))}},d.addEventListener("message",d.wp.receiveEmbedMessage,!1),l.addEventListener("DOMContentLoaded",function(){for(var e,t,s=l.querySelectorAll("iframe.wp-embedded-content"),r=0;r<s.length;r++)(t=(e=s[r]).getAttribute("data-secret"))||(t=Math.random().toString(36).substring(2,12),e.src+="#?secret="+t,e.setAttribute("data-secret",t)),e.contentWindow.postMessage({message:"ready",secret:t},"*")},!1)))}(window,document);
//# sourceURL=https://www.langlais.com/wp-includes/js/wp-embed.min.js
/* ]]> */
</script>

Dans la foulée du retrait de la première réforme du Programme de l’expérience québécoise (PEQ) en novembre 2019, tant le premier ministre, monsieur François Legault, que son ministre de l’Immigration, de la Francisation et de l’Inclusion, monsieur Simon Jolin-Barrette, avaient pris l’engagement ferme devant l’Assemblée nationale, mais aussi dans le cadre de diverses sorties médiatiques, qu’une clause de droits acquis protègerait les étudiants et travailleurs étrangers ayant fait le choix de venir s’installer au Québec sur la base de l’ancien programme. Publié le 10 juin 2020 dans LaPresse.ca à 13h00 par ME GUILLAUME CLICHE-RIVARD, PRÉSIDENT DE L’ASSOCIATION QUÉBÉCOISE DES AVOCATS...
